.
2, 3, 4271
List the prime factors of 51391.
17, 3023
List the prime factors of 266.
2, 7, 19
What are the prime factors of 152255?
5, 37, 823
List the prime factors of 4337.
4337
List the prime factors of 227.
227
What are the prime factors of 26126?
2, 13063
What are the prime factors of 8703?
3, 967
What are the prime factors of 2233?
7, 11, 29
What are the prime factors of 6360?
2, 3, 5, 53
List the prime factors of 38030.
2, 5, 3803
List the prime factors of 451.
11, 41
List the prime factors of 3948.
2, 3, 7, 47
List the prime factors of 23717.
37, 641
What are the prime factors of 11708?
2, 2927
List the prime factors of 125471.
125471
List the prime factors of 239.
239
What are the prime factors of 1130?
2, 5, 113
List the prime factors of 2605.
5, 521
List the prime factors of 2396.
2, 599
What are the prime factors of 597?
3, 199
What are the prime factors of 3304?
2, 7, 59
What are the prime factors of 71?
71
List the prime factors of 13452.
2, 3, 19, 59
What are the prime factors of 82265?
5, 16453
What are the prime factors of 994?
2, 7, 71
List the prime factors of 2611.
7, 373
What are the prime factors of 3267?
3, 11
What are the prime factors of 23838?
2, 3, 29, 137
What are the prime factors of 23671?
23671
List the prime factors of 9330.
2, 3, 5, 311
List the prime factors of 16767.
3, 23
List the prime factors of 38917.
38917
What are the prime factors of 35239?
131, 269
List the prime factors of 4419.
3, 491
List the prime factors of 944.
2, 59
What are the prime factors of 114524?
2, 28631
List the prime factors of 104.
2, 13
List the prime factors of 1966.
2, 983
List the prime factors of 36932.
2, 7, 1319
What are the prime factors of 793?
13, 61
What are the prime factors of 750?
2, 3, 5
List the prime factors of 1156.
2, 17
List the prime factors of 30607.
127, 241
List the prime factors of 22532.
2, 43, 131
What are the prime factors of 91497?
3, 7, 4357
What are the prime factors of 1537?
29, 53
List the prime factors of 3843.
3, 7, 61
List the prime factors of 42.
2, 3, 7
List the prime factors of 15983.
11, 1453
List the prime factors of 32095.
5, 7, 131
What are the prime factors of 2169?
3, 241
What are the prime factors of 24586?
2, 19, 647
List the prime factors of 33959.
29, 1171
What are the prime factors of 22720?
2, 5, 71
List the prime factors of 9201.
3, 3067
List the prime factors of 643.
643
List the prime factors of 24429.
3, 17, 479
What are the prime factors of 13919?
31, 449
What are the prime factors of 1383?
3, 461
List the prime factors of 5720.
2, 5, 11, 13
List the prime factors of 110334.
2, 3, 7, 37, 71
What are the prime factors of 83235?
3, 5, 31, 179
List the prime factors of 8195.
5, 11, 149
List the prime factors of 103792.
2, 13, 499
What are the prime factors of 44679?
3, 53, 281
What are the prime factors of 2823?
3, 941
What are the prime factors of 7062?
2, 3, 11, 107
What are the prime factors of 522?
2, 3, 29
What are the prime factors of 52921?
11, 17, 283
List the prime factors of 12723.
3, 4241
What are the prime factors of 584?
2, 73
List the prime factors of 12655.
5, 2531
List the prime factors of 3933.
3, 19, 23
What are the prime factors of 12031?
53, 227
List the prime factors of 1436.
2, 359
List the prime factors of 566.
2, 283
What are the prime factors of 19569?
3, 11, 593
What are the prime factors of 16205?
5, 7, 463
List the prime factors of 4785.
3, 5, 11, 29
What are the prime factors of 5078?
2, 2539
What are the prime factors of 3578?
2, 1789
List the prime factors of 30428.
2, 7607
What are the prime factors of 2572?
2, 643
List the prime factors of 8362.
2, 37, 113
List the prime factors of 1770.
2, 3, 5, 59
What are the prime factors of 37037?
7, 11, 13, 37
List the prime factors of 9750.
2, 3, 5, 13
List the prime factors of 5141.
53, 97
What are the prime factors of 4838?
2, 41, 59
List the prime factors of 211.
211
What are the prime factors of 666?
2, 3, 37
What are the prime factors of 3808?
2, 7, 17
List the prime factors of 2178.
2, 3, 11
List the prime factors of 26346.
2, 3, 4391
List the prime factors of 6324.
2, 3, 17, 31
List the prime factors of 180859.
7, 3691
What are the prime factors of 1046?
2, 523
List the prime factors of 5420.
2, 5, 271
What are the prime factors of 1253?
7, 179
What are the prime factors of 55342?
2, 7, 59, 67
What are the prime factors of 26343?
3, 2927
List the prime factors of 14563.
14563
What are the prime factors of 8187?
3, 2729
What are the prime factors of 1944?
2, 3
List the prime factors of 2542.
2, 31, 41
List the prime factors of 7265.
5, 1453
List the prime factors of 6803.
6803
List the prime factors of 2807.
7, 401
What are the prime factors of 27907?
11, 43, 59
What are the prime factors of 223?
223
List the prime factors of 397.
397
What are the prime factors of 2992?
2, 11, 17
List the prime factors of 304.
2, 19
What are the prime factors of 37644?
2, 3, 3137
What are the prime factors of 102263?
7, 2087
What are the prime factors of 1216?
2, 19
List the prime factors of 28784.
2, 7, 257
List the prime factors of 80519.
73, 1103
List the prime factors of 11275.
5, 11, 41
List the prime factors of 17720.
2, 5, 443
What are the prime factors of 7798?
2, 7, 557
What are the prime factors of 5855?
5, 1171
What are the prime factors of 2773?
47, 59
List the prime factors of 2227.
17, 131
What are the prime factors of 15187?
15187
What are the prime factors of 1638?
2, 3, 7, 13
What are the prime factors of 37?
37
List the prime factors of 3598.
2, 7, 257
What are the prime factors of 2080?
2, 5, 13
List the prime factors of 598.
2, 13, 23
List the prime factors of 2446.
2, 1223
What are the prime factors of 4764?
2, 3, 397
List the prime factors of 1832.
2, 229
List the prime factors of 2935.
5, 587
List the prime factors of 1276.
2, 11, 29
What are the prime factors of 7089?
3, 17, 139
List the prime factors of 9570.
2, 3, 5, 11, 29
List the prime factors of 643.
643
List the prime factors of 62806.
2, 31, 1013
What are the prime factors of 26164?
2, 31, 211
List the prime factors of 2494.
2, 29, 43
What are the prime factors of 2491?
47, 53
List the prime factors of 1385.
5, 277
List the prime factors of 3554.
2, 1777
What are the prime factors of 330?
2, 3, 5, 11
What are the prime factors of 6809?
11, 619
What are the prime factors of 5705?
5, 7, 163
What are the prime factors of 11734?
2, 5867
List the prime factors of 9960.
2, 3, 5, 83
What are the prime factors of 1676?
2, 419
List the prime factors of 315.
3, 5, 7
What are the prime factors of 19092?
2, 3, 37, 43
What are the prime factors of 81959?
41, 1999
List the prime factors of 38443.
37, 1039
What are the prime factors of 20933?
11, 173
List the prime factors of 49026.
2, 3, 8171
List the prime factors of 601.
601
What are the prime factors of 5750?
2, 5, 23
List the prime factors of 8875.
5, 71
What are the prime factors of 242?
2, 11
What are the prime factors of 575?
5, 23
What are the prime factors of 7536?
2, 3, 157
List the prime factors of 2122.
2, 1061
What are the prime factors of 7519?
73, 103
List the prime factors of 5989.
53, 113
List the prime factors of 107298.
2, 3, 1987
List the prime factors of 4531.
23, 197
What are the prime factors of 284?
2, 71
List the prime factors of 1995.
3, 5, 7, 19
What are the prime factors of 1367?
1367
What are the prime factors of 38270?
2, 5, 43, 89
List the prime factors of 957.
3, 11, 29
List the prime factors of 55733.
55733
List the prime factors of 241.
241
What are the prime factors of 16013?
67, 239
List the prime factors of 969.
3, 17, 19
What are the prime factors of 16680?
2, 3, 5, 139
What are the prime factors of 100105?
5, 20021
List the prime factors of 6601.
7, 23, 41
List the prime factors of 86958.
2, 3, 4831
List the prime factors of 498.
2, 3, 83
List the prime factors of 16191.
3, 7, 257
List the prime factors of 16888.
2, 2111
List the prime factors of 44808.
2, 3, 1867
What are the prime factors of 62?
2, 31
What are the prime factors of 6522?
2, 3, 1087
List the prime factors of 10123.
53, 191
What are the prime factors of 2935?
5, 587
What are the prime factors of 83177?
83177
List the prime factors of 74440.
2, 5, 1861
What are the prime factors of 3106?
2, 15